0 - 20).
-59
What is the value of (77 - 83) + (12 - -25) + -111?
-80
What is the value of (-72 - -140) + (-51 - -1)?
18
(2 - -48 - (21 + -20 - -2)) + -13
34
Calculate (-43 - -91 - 39) + 7.
16
What is the value of -216 - -265 - (0 - 3)?
52
What is the value of (-2 + -11 - -20 - 1 - (1 - 0)) + 48?
53
Calculate 5 + (-4 + 4 - 3) + -140 + 74 - 8.
-72
What is 91 + -65 + -46 + -39?
-59
Calculate -64 - -3 - (70 - 56).
-75
Calculate (-28 - (18 - 50)) + (-3 + 5 - (3 - 1)).
4
Evaluate -15 + -2 + 11 + -11 + 62 + -9.
36
What is the value of -40 + (99 - -90) - 40?
109
What is (-34 - (-27 - 4)) + (1 - (121 + -9 + 3))?
-117
Calculate -40 + (-5 + (-2 - -18) - -7).
-22
What is 2 + (93 - -1) + (77 - 66 - (-12 + 35))?
84
Calculate 5724 - 5645 - (-2 - -28 - 2).
55
What is the value of (-66 - -82) + (-1 - (-1 - -17))?
-1
Evaluate (-10 - 9 - 17) + 77.
41
Calculate 2 + 13 + 18 + 15 + -26 + -10.
12
Calculate (-18 + 2 - 1) + -14 + (20 - -2) + 85.
76
Calculate -24 - ((-143 - -58) + 20).
41
Evaluate 3 + -15 + (54 - 8) - -4.
38
What is the value of 0 + -4 - (21 - (-50 + (64 - 17)))?
-28
152 + -161 - (-60 + 158)
-107
-2 + -3 + 0 - (-78 - -64) - 67
-58
Calculate 8 - 16 - (-2 - -1) - 4 - (116 - 41).
-86
What is (-13 - -15 - (-2 + 48)) + 38 + -24 + -11?
-41
What is the value of 126 + (-1 - (28 + -2 + (-160 - -143)))?
116
What is the value of -4 - (10 - (-32 - (-8 + -5 + 26)))?
-59
Evaluate 3 + (18 - (-2 + 8 - 19 - (47 + -63))).
18
353 + -395 + (7 - 15)
-50
-35 + (40 + -1 - -9)
13
54 - 137 - (-9 + -2 - ((0 - 9) + 3))
-78
(-211 + 240 - (6 + -15)) + 14
52
What is 13601 + -13611 - (-66 - -1)?
55
What is (-67 - -35 - -7) + (-16 - -22)?
-19
What is the value of (86 - (1 - 12 - -29)) + -1 + 0 + 11?
78
What is the value of (11 - (-1 + (-10 - -15) - -23)) + 9?
-7
Evaluate 57 + 30 + (4 - 16 - -2) + -22 + 10.
65
What is -29 + (69 - (46 - 14)) - -34?
42
What is -76 - -99 - (-34 - ((4 - 5) + 9))?
65
What is -8 - (16 + -38 - -24)?
-10
-1 + -23 + 6 + -3 + (-1059 - -1175)
95
What is 1 + 2 - ((4 - (-2 + 20)) + 12 + 4)?
1
-44 - -116 - 70 - -52
54
What is -1 - -14 - (-12 - (-21 - -2)) - -50?
56
What is 45 - (137 + 6 + -8)?
-90
What is -67 - (2 - (-1 + 4 + 186 + -195 + 4))?
-71
(-26 - -44) + (-48 - -59) - (1 + -7)
35
-2 + -17 + 319 + -313 + 9 + 2
-2
Calculate 16 + -20 - (-77 + -13 + -5 + 13).
78
What is the value of 3 - 75 - -5 - (138 - 160)?
-45
Calculate 11 + -1 - 54 - (3 + -9 + 10).
-48
What is the value of -65 + -109 + 156 - (-1 - 1 - -8)?
-24
-1 + -7 + (-4 + 4 - -6 - 42)
-44
2 - -68 - (8562 + -8507)
15
Calculate 6 + (2 - 1) + (18 - 110) + 113 + -67.
-39
What is -93 + 108 + -22 + (-5 - 0) + 49?
37
What is the value of -34 + (-14 - 2) + 34 - -46?
30
Calculate 2 - 36 - (4154 - 4276).
88
What is the value of 12 - (-2 - -1) - ((-20 - -4) + 40)?
-11
What is the value of -68 + 155 + -128 + (-73 - 0)?
-114
Evaluate 64 - (291 + 46 - 148).
-125
Evaluate (33 - (13 + (18 - 22))) + 22.
46
Calculate -21 + (16 - (-19 + 44)) + 14 - -94.
78
What is the value of (-33 - (-42 + 41)) + 30 + (-3 - (129 - 0))?
-134
Calculate (28 + -11 - (-2 - 2) - 11) + 1 + -104.
-93
-109 - (56 - (4 - -76))
-85
-7 - -25 - (145 + -120)
-7
What is -5 - (20 - (-6 - -20)) - -16?
5
What is 38 + (18 - (12 - -15)) - 17 - (1 + -97)?
108
Calculate -1 - -7 - (-4 - -2) - ((53 - 54) + 6).
3
Calculate 20 - (-14 - ((9 - 4) + 6)).
45
What is the value of (35 + -34 - 21) + 3 + -5 + 2?
-20
Evaluate 5 + -1 + 60 + -37 + -37 - (0 + 36).
-46
-17 + (11 + 3 - 3) + -3 - (-35 + 4)
22
What is -1561 + 1557 + (-1 - -19)?
14
13 + (-67 - -22) - (-18 - (-7 - -2))
-19
What is the value of 0 + -1 + 22 - (-10909 + 10909)?
21
-45 - (-47 - -12) - 61 - (-12 + -1)
-58
Calculate 2 + -21 + (-15 - 25 - -29) - 2.
-32
Calculate 14 + 8 + -18 - (30 - -34).
-60
What is the value of 10 - (-137 + 142 - -19)?
-14
Calculate (4 - (-11 + 15)) + -6 + 81 + -24.
51
Evaluate (-15 + 48 - 7) + -13 + (3 - -15).
31
16 - (-11 - (-7 - 10) - 11)
21
Calculate (82 + -74 - -67) + (1 - 2) + -7.
67
Calculate -1 - -6 - (-3006 + 2994 + 102 + 1).
-86
What is the value of (-332 - -420) + (3 - (11 + -11))?
91
Evaluate -56 + (-77 - (-203 + 72)).
-2
-9 - (17 - (5 - -20) - (-5 + (-76 - 5)))
-87
Calculate -4 + -102 + -52 + 84.
-74
Evaluate (17 - 7) + (-17 - 73) + 28.
-52
What is (15 - 12) + -19 + (6 - 16) + 6?
-20
Calculate -2 + (-17 + (3 - -30) - 32) + 64.
46
Calculate (-37 - (-8 + -9)) + 13 - 34.
-41
Calculate -19 + 3 + 4 + -13 + -259 + 276.
-8
Calculate -2 + -36 - ((104 - 33) + -64).
-45
-83 - (55 - 152) - -5
19
Calculate -109 - -49 - (5 + -163).
98
Evaluate (-4 + (0 - 5) - 10) + 138 + -124.
-5
Evaluate 0 + 27 + (-1916 - -1860).
-29
Calculate -74 - (-8 + 9 + -11 + -13 + 17).
-68
What is -60 + (99 - -3 - 32)?
10
Calculate (2 - (13 + -33)) + -12 - (-6 - (4 - -2)).
22
What is the value of (-16 + (5 - 6) + 4 - 8) + 12?
-9
Calculate -5 - ((57 - -25) + -3 + (-9 - 1)).
-74
What is the value of 59 - 70 - (158 - 174)?
5
Calculate -10 - (-4 + (-12 - (-2 + -4)) + 28).
-28
Calculate (-60 + 66 - -50) + (-10 - (0 - 0)) - 7.
39
Evaluate (63 - (163 - -81)) + 76.
-105
What is the value of (-1 - -98) + (12 + -16 - -20) + (21 - 35)?
99
Evaluate -31 - (6 + -28 - 51).
42
What is -34 + (-40 - -1 - (2637 + -2776))?
66
What is the value of (3137 - 3135) + 1 + 32 + 3?
38
(-4 + (23 - 1) - -2) + 0 + (-3 - 0)
17
What is -86 - (-39 - 118 - -59)?
12
Evaluate -25 + (0 - -15) - (0 - 3 - 2) - -7.
2
46 + 1 - (30 - (77 - 14))
80
What is the value of -27 + (5 + 191 - 95)?
74
What is the value of 22 + 8 - (91 + -29 + -15)?
-17
-4 - 26 - 33 - -8 - ((-2 - 0) + 0)
-53
Calculate -52 + -13 + (32 - 30).
-63
What is the value of 71 + -68 - -19 - (0 - -13)?
9
Evaluate 19 + (-75 - -53) - -6.
3
(5 - (88 - 5)) + (51 - 38)
-65
40 + (-8 - 14 - -3 - -9) + -2
28
Calculate 143 + -188 + (5 + -11 - -19).
-32
What is (-11 - -1) + (-491 - -489) - (-6 - -9 - -6)?
-21
Calculate 41 + (-13 - (9 + -32)) + -23.
28
-5153 + 5147 - (5 - 3 - 2)
-6
What is the value of -2 + 68 - ((-9 - -2 - -32) + -13)?
54
What is 5 + (-13 - (-6 - 13) - 92)?
-81
Evaluate -6 + 17 - (79 + -120 - (-2 - 4)).
46
What is the value of 624 - 606 - (30 + (2 - 5))?
-9
Calculate (-7 - (-18 - (5 - 13))) + -16 + (-33 - 4).
-50
What is the value of 1 - (3 - -2) - -3 - -9 - (-473 + 466)?
15
What is the value of 18 + -1 + (97 - 122) + (-1 - -11)?
2
Calculate 14 + -2 + (39 - 53 - -14) + -21.
-9
Evaluate -48 - (-4 - (2 - -1) - (-4 + 30 - 32)).
-47
What is the value of 369 + -378 - (-1 - -3 - 49)?
38
Evaluate -2 + 2 + -22 + (-188 - -208) - -10.
8
5 + -4 - (-7 - (-8 - 2)) - 10
-12
What is the value of 44 - (144 + -75 - 10)?
-15
What is the value of (2 + 7 - -1) + (-2 - (-6 + -4) - -22)?
40
What is 47 - ((22 - -42) + -20)?
3
What is -13 - (22 - 29) - (-6 - (-57 - -10))?
-47
What is (22 + -15 - 33) + 33 - -1?
8
-137 + (-160 - -23 - -279)
5
What is the value of -5 + (0 - -2) + -1 - (-154 - (-50 + -141))?
-41
What is the value of -56 + -11 + (12 - 2 - (3 + -5 - 6))?
-49
Calculate 104 + -94 + (-24 - 0) + -16.
-30
Calculate 135 - (-42 + (38 - (-13 + -2))).
124
What is the value of (20 - -4 - 12) + (-5 - 6 - -83) + -10?
74
Evaluate 13 + -22 + (10 - 4) + 1 + -59.
-61
What is the value of 0 + -1 + -35 + (-403 - -175 - -242)?
-22
Calculate (-3 - 2) + -15 - (227 - 262).
15
Evaluate (-2 - (5 - (-1 - -1))) + 17 + (-58 - -11).
-37
Evaluate -14 - ((13 - 88) + 55).
6
-58 + 5 - (9 - (-11 + (-7 - -20)))
-60
What is the value of -48 - (67 + 46 + -119)?
-42
(77 - -17) + -94 - 24
-24
What is the value of 320 + -278 - (7 - -3 - 0)?
32
(-1 - -2) + (3 - 8) + -6 + 25 - 121
-106
Evaluate -73 + (69 - 115 - -41).
-78
Evaluate (35 - 47) + -37 - 8.
-57
39 + -9 + -18 - 1 - -14
25
Evaluate 48 + -2 - -1 - (-2115 - -2123).
39
Calculate (91 - 19 - 28) + (17 - 2).
59
4 + 31 + 8 + 10 + 18 - 19
52
Evaluate (65 - -18 - 91) + -9 + 0.
-17
Evaluate (3 - ((4 - 5) + 4)) + 75 + 29 + 20.
124
What is (11 - 3) + -17 - (-14 - (0 + -127 + 13))?
-109
What is the value of -14 - (20 + 3) - -34 - (2 - (21 - 1))?
15
Calculate 7 - (-2 - -4) - ((84 - 0) + -287 + 273).
-65
What is the value of (9 - 13) + (-23 - -10) + 7 + 7 + 2?
-1
What is the value of 12 + (-23 - 0) - -18 - 4?
3
Evaluate (-73 - 3) + (2 - 16) + -142 + 152.
-80
What is the value of (2283 - 2362) + (-1 - 7) + 21?
-66
What is the value of -65 - (-80 + 213 + -94)?
-104
What is (-31 - 16 - -182)